v(m) = 96*m**2 - 71*m + 57. Suppose 0 = -5*p + g + 145, -3*p + 24 = -5*g - 41. Calculate the remainder when v(1) is divided by p.
22
Let p(d) = -638*d - 1861. What is the remainder when 229 is divided by p(-3)?
17
Let z = -86 + 161. Let u = -75 + z. Let j(d) = -8*d + 65. Calculate the remainder when j(u) is divided by 33.
32
Suppose 5*y + u = 437, y + 3*u - 55 - 38 = 0. Suppose -5*l + y = c + 3, -c = 1. What is the remainder when 181 is divided by l?
11
Let i(a) = a**2 + a - 2. Suppose -638 = -24*j - 66*j + 32*j. What is the remainder when j is divided by i(-3)?
3
What is the remainder when 67 is divided by 1/(-2) - ((-11475)/18)/17?
30
Suppose -2*r + 176 = 4*t, -38 - 142 = -4*t - r. Let d = -1 + 17. Suppose 0*n + n - d = 0. What is the remainder when t is divided by n?
14
Let n(l) = -22*l - 24. Let i be n(-2). Suppose -4*g - 6*d = -2*d - 32, -2*d = -4*g + i. Calculate the remainder when 7 is divided by g.
1
Suppose 0 = 3*p - 2*u - 37440, 0 = 5*p + u - 92281 + 29855. Calculate the remainder when p is divided by 181.
176
Calculate the remainder when 21/987 + (-72600)/(-705) is divided by 3/3 - 1*-35.
31
Calculate the remainder when (-1764)/(-3) - 1 - (-7)/(-1) is divided by 199.
182
Let c = -14 + 21. Suppose 6*f + 337 = 2719. Let z = f - 388. Calculate the remainder when z is divided by c.
2
Let r be (-879)/(-2) - 3/(-6). Suppose -c = 3*c - r. Let f = -43 + c. What is the remainder when f is divided by 34?
33
Let n(y) = 37*y**3 - 4*y**2 - 22*y + 45. What is the remainder when n(2) is divided by 60?
41
Let d(r) = -4*r - 6. Let h be d(-21). Let b = 83 - h. What is the remainder when 435/b - 0/(-2) is divided by 30?
27
Calculate the remainder when (-1252)/4069 - (-34900)/26 is divided by 90.
82
Let n(c) = 3*c**2 + 6*c + 6. Suppose -5*o + 8 = 23, 3*v = -8*o + 3*o. Calculate the remainder when n(-2) is divided by v.
1
Let v(m) = -10*m**2 - 55*m - 5. What is the remainder when v(-3) is divided by 48?
22
Let j be (-46)/253 + (-20354)/(-22). Let i = j - 841. What is the remainder when i is divided by 35?
14
Let t(m) = -m + 7. Let r be t(4). Suppose -4*d + 115 = r*w, -4*w = -2*w - 10. Calculate the remainder when d is divided by 9.
7
Suppose 4*c - 4*n + 3*n = 46, 0 = n + 2. Let b be 6/(-24) - (-681)/(-12). Let o = b + 64. Calculate the remainder when c is divided by o.
4
Suppose 39*v + 1782 - 17423 - 6550 = 0. What is the remainder when v is divided by 44?
41
What is the remainder when 903 is divided by 21*1 + ((58 + -4)/9 - 0)?
12
What is the remainder when 320 is divided by 15 + (-1 - ((-24)/16 - (-25)/10))?
8
Let l(a) = 610*a + 5. Let i be l(4). Suppose 0 = 27*p + 366 - i. What is the remainder when p is divided by 31?
15
Let m = 219 + -213. Suppose 2 = -m*k + 8*k, 2*y - 2*k - 104 = 0. Suppose 0*a + 4*i - 15 = -a, -2*i = 5*a - 39. Calculate the remainder when y is divided by a.
4
Let m = -46128 + 46143. Calculate the remainder when (0 - -562)*(-2)/(-4) is divided by m.
11
Suppose -4*h + 38 = -70. What is the remainder when (-667)/(-3) - (-18)/h is divided by 9?
7
Let d(x) = 31*x - 1. Let m = -10 - -10. Suppose -5*b + 5 + 5 = m. Calculate the remainder when d(b) is divided by 16.
13
Suppose -d + 22*d - 27636 = 0. Let a = -930 + d. What is the remainder when a is divided by 26?
22
Suppose -a - 76*l + 41*l + 85 = -36*l, 4*l - 12 = 0. Suppose -5*q + 58 = -3*q. What is the remainder when a is divided by q?
1
Let i be (4/10)/(11/660) - 5. Suppose -11*z + 1170 = i*z. What is the remainder when 389 is divided by z?
38
Let n = -11614 + 11855. What is the remainder when 694 is divided by n?
212
Let u be 4 + 16/(0 + -4) + 15. What is the remainder when 173 - (-10)/u*6 is divided by 18?
15
Suppose -5*m = -x + 168, 118*m = -x + 117*m + 198. Calculate the remainder when x is divided by 102.
91
Suppose 4*i - 161 - 263 = 0. Let g = i - 59. Let h = 5 + -2. Calculate the remainder when g is divided by h.
2
Suppose -17*o = -1192 - 321. Let p(n) = -3*n**3 - 3*n**2 - 3*n - 3. Calculate the remainder when o is divided by p(-2).
14
Suppose 3*u + 6 = 4*l, -5*u + 0 = -5*l + 5. Calculate the remainder when 39 + l - (11 + -7) is divided by 18.
2
Suppose -4*z - 3*t = 55, -t + 35 = -5*z + 2*t. What is the remainder when 49 is divided by (-6)/z - 54/(-10)?
1
Let t be (-648)/(-10) - (-1)/5. Let c(x) = 3748*x + 14996. Calculate the remainder when t + (-4)/(-2) + -2 is divided by c(-4).
1
Suppose -135 = 11*n - 476. Let o(a) be the second derivative of -a**4/12 + 11*a**3/6 - a**2 + 6*a. What is the remainder when n is divided by o(10)?
7
Suppose -11*k + 3848 = 13*k + 28*k. Calculate the remainder when 144 is divided by k.
70
Let g(s) = 27*s**3 - 91*s**2 + 11*s - 7. What is the remainder when 1119 is divided by g(4)?
192
Let n be (-1 - 190/(-25)) + (-9)/15. Suppose 0 = -n*h + 625 - 91. What is the remainder when h is divided by 23?
20
Let g be ((-20)/4 - 23/(-5))*-5. Suppose 8 = -g*f + 10*f. What is the remainder when f is divided by 1?
0
Let z(p) = -p + 8. Suppose 3*k + 17 = 2. Let c be z(k). Suppose 17 + c = 3*b. Calculate the remainder when 38 is divided by b.
8
What is the remainder when 4397 is divided by 262*(-4)/(-20) - (-15)/25?
51
Suppose -7*k - 5 = -5. Let o be 5/10*k/(-3) - -346. Suppose 5*t + r = 202 + 356, 0 = 3*t - 5*r - o. Calculate the remainder when t is divided by 23.
20
Let i be (204/(-10))/(6/(-20)). Let k = -1627 + 1643. Let b = i + k. What is the remainder when b is divided by 17?
16
Let v(k) be the first derivative of 6*k**2 + 52*k - 339. What is the remainder when 90 is divided by v(-1)?
10
Let i be (-16)/(-168) + (-1760)/(-42). What is the remainder when (312/i)/((-4)/(-14)) is divided by -1*1*27/(-3)?
8
Let y(a) = -11*a + 253. Let n be (-39)/(-15) + -3 - (-582)/30. What is the remainder when y(n) is divided by 25?
19
What is the remainder when -10 - -2 - -266 - 11 is divided by 54?
31
Let v(y) = 9*y + 8. Let b(n) = 9*n + 13. Let o(r) = -2*b(r) + 3*v(r). What is the remainder when 130/3 - (-1)/(-3) is divided by o(2)?
11
Let u be (-220)/22*(-2)/10*22. Let d be -1*3/((-12)/u). Suppose d = s - 34. Calculate the remainder when 176 is divided by s.
41
Let o be 1*(5 - -1)*-2. Let r be (-18)/o - 153/(-6). Calculate the remainder when 6 is divided by (r/(-15))/(4/((-120)/9)).
0
Let p = -22510 + 22747. What is the remainder when 1173 is divided by p?
225
Let b(y) = y**3 - 9*y**2 + 28*y - 205. Let i be b(11). Suppose -350*z = -i*z - 130. Calculate the remainder when 68 is divided by z.
16
Let p(j) = -j**3 - 14*j**2 - 47*j - 49. What is the remainder when 754 is divided by p(-10)?
19
Suppose 0 = -31*j - 1931 + 5527. What is the remainder when j is divided by 3?
2
Calculate the remainder when 348 is divided by 4/(-16) + (-5 - 117/(-4)).
12
Let d be (-6)/6*(0/3 + -1). Calculate the remainder when (82/(-1) - 2)*3/(-6) is divided by ((-12)/(-3) - -11)/(d/1).
12
Let g be (8/(-18))/((-6)/27). Suppose 3*b + 9 = 0, j = g*b - 3*b - 1. Suppose -j*f - 9 = -35. Calculate the remainder when 49 is divided by f.
10
Suppose 2*a - 25 = x - 167, -3*x - a + 433 = 0. Let b = x + -130. Calculate the remainder when 179 is divided by b.
11
Suppose 3*n - 871 = h, -4*n - 5*h = -1791 + 598. Calculate the remainder when 606 is divided by n.
22
Calculate the remainder when ((-20)/2)/((-1)/8) is divided by (34 + -39)*2*(-215)/50.
37
Let j = -274 + 291. Suppose -3*p - 10 = c, -c = -4*c - 3*p. What is the remainder when (6 - c) + 34 + -2 is divided by j?
16
Suppose 4997 = 4*v + 765. Suppose -v + 275 = -29*r. Let h = 123 + -18. What is the remainder when h is divided by r?
24
Let q(l) = 175*l - 724. Calculate the remainder when 2262 is divided by q(5).
148
Suppose 4*s - a = 2063 - 275, 1804 = 4*s + 3*a. Calculate the remainder when s is divided by 113.
109
Suppose j = 3 + 9. Suppose -6*i + j*i + 510 = 0. Let n = -46 - i. Calculate the remainder when n is divided by 10.
9
Suppose 3*x = -5*w + 216, -3*w + 118 + 28 = 2*x. What is the remainder when 384 is divided by x?
56
Let y = -118 + 118. Suppose -7*s - 10 + 38 = y. Calculate the remainder when 13 is divided by s.
1
Let w(q) = -q**2 + 4*q + 39. Let c be w(10). Calculate the remainder when (c/(-3) - 2)*1 is divided by 2.
1
Suppose -22*i = 571 - 3563. Let l = i - 127. Calculate the remainder when 97 is divided by l.
7
Suppose n = -5*t + 6979, -4*t 